{"id":486,"date":"2021-04-29T07:04:40","date_gmt":"2021-04-29T07:04:40","guid":{"rendered":"http:\/\/pablodevispodologia.com\/index.php\/about\/"},"modified":"2026-03-17T13:39:51","modified_gmt":"2026-03-17T13:39:51","slug":"nosotros","status":"publish","type":"page","link":"https:\/\/pablodevispodologia.com\/index.php\/nosotros\/","title":{"rendered":"Nosotros"},"content":{"rendered":"\t\t<div data-elementor-type=\"wp-page\" data-elementor-id=\"486\" class=\"elementor elementor-486\">\n\t\t\t\t\t\t<section class=\"elementor-section elementor-top-section elementor-element elementor-element-be6ba75 elementor-section-boxed elementor-section-height-default elementor-section-height-default\" data-id=\"be6ba75\" data-element_type=\"section\" data-e-type=\"section\">\n\t\t\t\t\t\t<div class=\"elementor-container elementor-column-gap-default\">\n\t\t\t\t\t<div class=\"elementor-column elementor-col-100 elementor-top-column elementor-element elementor-element-e9fd3e3\" data-id=\"e9fd3e3\" data-element_type=\"column\" data-e-type=\"column\">\n\t\t\t<div class=\"elementor-widget-wrap elementor-element-populated\">\n\t\t\t\t\t\t<div class=\"elementor-element elementor-element-c7bc3f9 elementor-widget elementor-widget-spacer\" data-id=\"c7bc3f9\" data-element_type=\"widget\" data-e-type=\"widget\" data-widget_type=\"spacer.default\">\n\t\t\t\t<div class=\"elementor-widget-container\">\n\t\t\t\t\t\t\t<div class=\"elementor-spacer\">\n\t\t\t<div class=\"elementor-spacer-inner\"><\/div>\n\t\t<\/div>\n\t\t\t\t\t\t<\/div>\n\t\t\t\t<\/div>\n\t\t\t\t<div class=\"elementor-element elementor-element-2d6a36c elementor-widget elementor-widget-heading\" data-id=\"2d6a36c\" data-element_type=\"widget\" data-e-type=\"widget\" data-widget_type=\"heading.default\">\n\t\t\t\t<div class=\"elementor-widget-container\">\n\t\t\t\t\t<h1 class=\"elementor-heading-title elementor-size-default\">Conoce nuestra cl\u00ednica de podolog\u00eda en Aspe<\/h1>\t\t\t\t<\/div>\n\t\t\t\t<\/div>\n\t\t\t\t<div class=\"elementor-element elementor-element-a9a8dd5 elementor-widget elementor-widget-heading\" data-id=\"a9a8dd5\" data-element_type=\"widget\" data-e-type=\"widget\" data-widget_type=\"heading.default\">\n\t\t\t\t<div class=\"elementor-widget-container\">\n\t\t\t\t\t<h2 class=\"elementor-heading-title elementor-size-default\"> Equipo experto en podolog\u00eda cl\u00ednica y biomec\u00e1nica<\/h2>\t\t\t\t<\/div>\n\t\t\t\t<\/div>\n\t\t\t\t<section class=\"elementor-section elementor-inner-section elementor-element elementor-element-a593a16 elementor-section-boxed elementor-section-height-default elementor-section-height-default\" data-id=\"a593a16\" data-element_type=\"section\" data-e-type=\"section\">\n\t\t\t\t\t\t<div class=\"elementor-container elementor-column-gap-default\">\n\t\t\t\t\t<div class=\"elementor-column elementor-col-100 elementor-inner-column elementor-element elementor-element-01b1afe\" data-id=\"01b1afe\" data-element_type=\"column\" data-e-type=\"column\">\n\t\t\t<div class=\"elementor-widget-wrap elementor-element-populated\">\n\t\t\t\t\t\t<div class=\"elementor-element elementor-element-dc175c1 elementor-widget elementor-widget-text-editor\" data-id=\"dc175c1\" data-element_type=\"widget\" data-e-type=\"widget\" data-widget_type=\"text-editor.default\">\n\t\t\t\t<div class=\"elementor-widget-container\">\n\t\t\t\t\t\t\t\t\t<p>Especializados en podolog\u00eda cl\u00ednica y biomec\u00e1nica, atendemos al paciente aplicando los m\u00e9todos tradicionales junto con los<strong>\u00a0avances m\u00e1s actualizados<\/strong>, para cubrir de la mejor forma las necesidades del paciente y afrontar las diferentes patolog\u00edas con la t\u00e9cnica adecuada.<\/p>\t\t\t\t\t\t\t\t<\/div>\n\t\t\t\t<\/div>\n\t\t\t\t\t<\/div>\n\t\t<\/div>\n\t\t\t\t\t<\/div>\n\t\t<\/section>\n\t\t\t\t<section class=\"elementor-section elementor-inner-section elementor-element elementor-element-00eca01 elementor-section-boxed elementor-section-height-default elementor-section-height-default\" data-id=\"00eca01\" data-element_type=\"section\" data-e-type=\"section\">\n\t\t\t\t\t\t<div class=\"elementor-container elementor-column-gap-default\">\n\t\t\t\t\t<div class=\"elementor-column elementor-col-100 elementor-inner-column elementor-element elementor-element-9b8ced7\" data-id=\"9b8ced7\" data-element_type=\"column\" data-e-type=\"column\">\n\t\t\t<div class=\"elementor-widget-wrap elementor-element-populated\">\n\t\t\t\t\t\t<div class=\"elementor-element elementor-element-c5da5fc elementor-widget elementor-widget-spacer\" data-id=\"c5da5fc\" data-element_type=\"widget\" data-e-type=\"widget\" data-widget_type=\"spacer.default\">\n\t\t\t\t<div class=\"elementor-widget-container\">\n\t\t\t\t\t\t\t<div class=\"elementor-spacer\">\n\t\t\t<div class=\"elementor-spacer-inner\"><\/div>\n\t\t<\/div>\n\t\t\t\t\t\t<\/div>\n\t\t\t\t<\/div>\n\t\t\t\t<div class=\"elementor-element elementor-element-a4880ce elementor-arrows-position-inside elementor-pagination-position-outside elementor-widget elementor-widget-image-carousel\" data-id=\"a4880ce\" data-element_type=\"widget\" data-e-type=\"widget\" data-settings=\"{&quot;slides_to_show&quot;:&quot;1&quot;,&quot;navigation&quot;:&quot;both&quot;,&quot;autoplay&quot;:&quot;yes&quot;,&quot;pause_on_hover&quot;:&quot;yes&quot;,&quot;pause_on_interaction&quot;:&quot;yes&quot;,&quot;autoplay_speed&quot;:5000,&quot;infinite&quot;:&quot;yes&quot;,&quot;effect&quot;:&quot;slide&quot;,&quot;speed&quot;:500}\" data-widget_type=\"image-carousel.default\">\n\t\t\t\t<div class=\"elementor-widget-container\">\n\t\t\t\t\t\t\t<div class=\"elementor-image-carousel-wrapper swiper\" role=\"region\" aria-roledescription=\"carousel\" aria-label=\"Carrusel de im\u00e1genes\" dir=\"ltr\">\n\t\t\t<div class=\"elementor-image-carousel swiper-wrapper\" aria-live=\"off\">\n\t\t\t\t\t\t\t\t<div class=\"swiper-slide\" role=\"group\" aria-roledescription=\"slide\" aria-label=\"1 de 8\"><figure class=\"swiper-slide-inner\"><img decoding=\"async\" class=\"swiper-slide-image\" src=\"https:\/\/pablodevispodologia.com\/wp-content\/uploads\/2023\/01\/fachada-1-768x1024.jpg\" alt=\"Fachada de la Cl\u00ednica Podol\u00f3gica Pablo P\u00e9rez Deviz, podolog\u00eda cl\u00ednica y biomec\u00e1nica en Aspe\" \/><\/figure><\/div><div class=\"swiper-slide\" role=\"group\" aria-roledescription=\"slide\" aria-label=\"2 de 8\"><figure class=\"swiper-slide-inner\"><img decoding=\"async\" class=\"swiper-slide-image\" src=\"https:\/\/pablodevispodologia.com\/wp-content\/uploads\/2023\/01\/sala-de-espera-1024x768.jpg\" alt=\"Sala de espera de la Cl\u00ednica Podol\u00f3gica Pablo P\u00e9rez Deviz, podolog\u00eda cl\u00ednica y biomec\u00e1nica en Aspe\" \/><\/figure><\/div><div class=\"swiper-slide\" role=\"group\" aria-roledescription=\"slide\" aria-label=\"3 de 8\"><figure class=\"swiper-slide-inner\"><img decoding=\"async\" class=\"swiper-slide-image\" src=\"https:\/\/pablodevispodologia.com\/wp-content\/uploads\/2023\/01\/sala-de-espera-2-1024x768.jpg\" alt=\"Sala de espera de la Cl\u00ednica Podol\u00f3gica Pablo P\u00e9rez Deviz, podolog\u00eda cl\u00ednica y biomec\u00e1nica en Aspe\" \/><\/figure><\/div><div class=\"swiper-slide\" role=\"group\" aria-roledescription=\"slide\" aria-label=\"4 de 8\"><figure class=\"swiper-slide-inner\"><img decoding=\"async\" class=\"swiper-slide-image\" src=\"https:\/\/pablodevispodologia.com\/wp-content\/uploads\/2023\/01\/quiros-1-1-1024x768.jpg\" alt=\"quiros 1\" \/><\/figure><\/div><div class=\"swiper-slide\" role=\"group\" aria-roledescription=\"slide\" aria-label=\"5 de 8\"><figure class=\"swiper-slide-inner\"><img decoding=\"async\" class=\"swiper-slide-image\" src=\"https:\/\/pablodevispodologia.com\/wp-content\/uploads\/2023\/01\/quiros-1024x768.jpg\" alt=\"quiros\" \/><\/figure><\/div><div class=\"swiper-slide\" role=\"group\" aria-roledescription=\"slide\" aria-label=\"6 de 8\"><figure class=\"swiper-slide-inner\"><img decoding=\"async\" class=\"swiper-slide-image\" src=\"https:\/\/pablodevispodologia.com\/wp-content\/uploads\/2023\/01\/explo-3-1024x768.jpg\" alt=\"Sala de exploraci\u00f3n del pie de la Cl\u00ednica Podol\u00f3gica Pablo P\u00e9rez Deviz, Aspe\" \/><\/figure><\/div><div class=\"swiper-slide\" role=\"group\" aria-roledescription=\"slide\" aria-label=\"7 de 8\"><figure class=\"swiper-slide-inner\"><img decoding=\"async\" class=\"swiper-slide-image\" src=\"https:\/\/pablodevispodologia.com\/wp-content\/uploads\/2023\/01\/explo-4-1024x768.jpg\" alt=\"Sala de exploraci\u00f3n del pie de la Cl\u00ednica Podol\u00f3gica Pablo P\u00e9rez Deviz, Aspe\" \/><\/figure><\/div><div class=\"swiper-slide\" role=\"group\" aria-roledescription=\"slide\" aria-label=\"8 de 8\"><figure class=\"swiper-slide-inner\"><img decoding=\"async\" class=\"swiper-slide-image\" src=\"https:\/\/pablodevispodologia.com\/wp-content\/uploads\/2021\/04\/Anadir-un-titulo-Sitio-web-1-1024x576.png\" alt=\"A\u00f1adir un t\u00edtulo (Sitio web) (1)\" \/><\/figure><\/div>\t\t\t<\/div>\n\t\t\t\t\t\t\t\t\t\t\t\t<div class=\"elementor-swiper-button elementor-swiper-button-prev\" role=\"button\" tabindex=\"0\">\n\t\t\t\t\t\t<i aria-hidden=\"true\" class=\"eicon-chevron-left\"><\/i>\t\t\t\t\t<\/div>\n\t\t\t\t\t<div class=\"elementor-swiper-button elementor-swiper-button-next\" role=\"button\" tabindex=\"0\">\n\t\t\t\t\t\t<i aria-hidden=\"true\" class=\"eicon-chevron-right\"><\/i>\t\t\t\t\t<\/div>\n\t\t\t\t\n\t\t\t\t\t\t\t\t\t<div class=\"swiper-pagination\"><\/div>\n\t\t\t\t\t\t\t\t\t<\/div>\n\t\t\t\t\t\t<\/div>\n\t\t\t\t<\/div>\n\t\t\t\t\t<\/div>\n\t\t<\/div>\n\t\t\t\t\t<\/div>\n\t\t<\/section>\n\t\t\t\t\t<\/div>\n\t\t<\/div>\n\t\t\t\t\t<\/div>\n\t\t<\/section>\n\t\t\t\t<\/div>\n\t\t","protected":false},"excerpt":{"rendered":"<p>Conoce nuestra cl\u00ednica de podolog\u00eda en Aspe Equipo experto en podolog\u00eda cl\u00ednica y biomec\u00e1nica Especializados en podolog\u00eda cl\u00ednica y biomec\u00e1nica, atendemos al paciente aplicando los m\u00e9todos tradicionales junto con los\u00a0avances m\u00e1s actualizados, para cubrir de la mejor forma las necesidades del paciente y afrontar las diferentes patolog\u00edas con la t\u00e9cnica adecuada.<\/p>\n","protected":false},"author":1,"featured_media":0,"parent":0,"menu_order":0,"comment_status":"closed","ping_status":"closed","template":"","meta":{"om_disable_all_campaigns":false,"_monsterinsights_skip_tracking":false,"_monsterinsights_sitenote_active":false,"_monsterinsights_sitenote_note":"","_monsterinsights_sitenote_category":0,"site-sidebar-layout":"no-sidebar","site-content-layout":"page-builder","ast-site-content-layout":"full-width-container","site-content-style":"unboxed","site-sidebar-style":"unboxed","ast-global-header-display":"","ast-banner-title-visibility":"","ast-main-header-display":"","ast-hfb-above-header-display":"","ast-hfb-below-header-display":"","ast-hfb-mobile-header-display":"","site-post-title":"disabled","ast-breadcrumbs-content":"","ast-featured-img":"disabled","footer-sml-layout":"","ast-disable-related-posts":"","theme-transparent-header-meta":"enabled","adv-header-id-meta":"","stick-header-meta":"","header-above-stick-meta":"","header-main-stick-meta":"","header-below-stick-meta":"","astra-migrate-meta-layouts":"set","ast-page-background-enabled":"default","ast-page-background-meta":{"desktop":{"background-color":"","background-image":"","background-repeat":"repeat","background-position":"center center","background-size":"auto","background-attachment":"scroll","background-type":"","background-media":"","overlay-type":"","overlay-color":"","overlay-opacity":"","overlay-gradient":""},"tablet":{"background-color":"","background-image":"","background-repeat":"repeat","background-position":"center center","background-size":"auto","background-attachment":"scroll","background-type":"","background-media":"","overlay-type":"","overlay-color":"","overlay-opacity":"","overlay-gradient":""},"mobile":{"background-color":"","background-image":"","background-repeat":"repeat","background-position":"center center","background-size":"auto","background-attachment":"scroll","background-type":"","background-media":"","overlay-type":"","overlay-color":"","overlay-opacity":"","overlay-gradient":""}},"ast-content-background-meta":{"desktop":{"background-color":"var(--ast-global-color-5)","background-image":"","background-repeat":"repeat","background-position":"center center","background-size":"auto","background-attachment":"scroll","background-type":"","background-media":"","overlay-type":"","overlay-color":"","overlay-opacity":"","overlay-gradient":""},"tablet":{"background-color":"var(--ast-global-color-5)","background-image":"","background-repeat":"repeat","background-position":"center center","background-size":"auto","background-attachment":"scroll","background-type":"","background-media":"","overlay-type":"","overlay-color":"","overlay-opacity":"","overlay-gradient":""},"mobile":{"background-color":"var(--ast-global-color-5)","background-image":"","background-repeat":"repeat","background-position":"center center","background-size":"auto","background-attachment":"scroll","background-type":"","background-media":"","overlay-type":"","overlay-color":"","overlay-opacity":"","overlay-gradient":""}},"footnotes":""},"class_list":["post-486","page","type-page","status-publish","hentry"],"yoast_head":"<!-- This site is optimized with the Yoast SEO plugin v27.5 - https:\/\/yoast.com\/product\/yoast-seo-wordpress\/ -->\n<title>Cl\u00ednica Podol\u00f3gica Pablo P\u00e9rez Devis | Cl\u00ednica podol\u00f3gica<\/title>\n<meta name=\"description\" content=\"Conoce nuestro equipo de pod\u00f3logos en Aspe. Especialistas en biomec\u00e1nica, podolog\u00eda general, deportiva y estudios de la pisada. Cuidamos de tus pies.\" \/>\n<meta name=\"robots\" content=\"index, follow, max-snippet:-1, max-image-preview:large, max-video-preview:-1\" \/>\n<link rel=\"canonical\" href=\"https:\/\/pablodevispodologia.com\/index.php\/nosotros\/\" \/>\n<meta property=\"og:locale\" content=\"es_ES\" \/>\n<meta property=\"og:type\" content=\"article\" \/>\n<meta property=\"og:title\" content=\"Cl\u00ednica Podol\u00f3gica Pablo P\u00e9rez Devis | Cl\u00ednica podol\u00f3gica\" \/>\n<meta property=\"og:description\" content=\"Conoce nuestro equipo de pod\u00f3logos en Aspe. Especialistas en biomec\u00e1nica, podolog\u00eda general, deportiva y estudios de la pisada. Cuidamos de tus pies.\" \/>\n<meta property=\"og:url\" content=\"https:\/\/pablodevispodologia.com\/index.php\/nosotros\/\" \/>\n<meta property=\"og:site_name\" content=\"Pablo Devis Podolog&iacute;a\" \/>\n<meta property=\"article:publisher\" content=\"https:\/\/www.facebook.com\/yoast\" \/>\n<meta property=\"article:modified_time\" content=\"2026-03-17T13:39:51+00:00\" \/>\n<meta property=\"og:image\" content=\"https:\/\/pablodevispodologia.com\/wp-content\/uploads\/2023\/01\/fachada-1-768x1024.jpg\" \/>\n<meta name=\"twitter:card\" content=\"summary_large_image\" \/>\n<meta name=\"twitter:label1\" content=\"Tiempo de lectura\" \/>\n\t<meta name=\"twitter:data1\" content=\"3 minutos\" \/>\n<script type=\"application\/ld+json\" class=\"yoast-schema-graph\">{\"@context\":\"https:\\\/\\\/schema.org\",\"@graph\":[{\"@type\":\"WebPage\",\"@id\":\"https:\\\/\\\/pablodevispodologia.com\\\/index.php\\\/nosotros\\\/\",\"url\":\"https:\\\/\\\/pablodevispodologia.com\\\/index.php\\\/nosotros\\\/\",\"name\":\"Cl\u00ednica Podol\u00f3gica Pablo P\u00e9rez Devis | Cl\u00ednica podol\u00f3gica\",\"isPartOf\":{\"@id\":\"https:\\\/\\\/pablodevispodologia.com\\\/#website\"},\"primaryImageOfPage\":{\"@id\":\"https:\\\/\\\/pablodevispodologia.com\\\/index.php\\\/nosotros\\\/#primaryimage\"},\"image\":{\"@id\":\"https:\\\/\\\/pablodevispodologia.com\\\/index.php\\\/nosotros\\\/#primaryimage\"},\"thumbnailUrl\":\"https:\\\/\\\/pablodevispodologia.com\\\/wp-content\\\/uploads\\\/2023\\\/01\\\/fachada-1-768x1024.jpg\",\"datePublished\":\"2021-04-29T07:04:40+00:00\",\"dateModified\":\"2026-03-17T13:39:51+00:00\",\"description\":\"Conoce nuestro equipo de pod\u00f3logos en Aspe. Especialistas en biomec\u00e1nica, podolog\u00eda general, deportiva y estudios de la pisada. Cuidamos de tus pies.\",\"breadcrumb\":{\"@id\":\"https:\\\/\\\/pablodevispodologia.com\\\/index.php\\\/nosotros\\\/#breadcrumb\"},\"inLanguage\":\"es\",\"potentialAction\":[{\"@type\":\"ReadAction\",\"target\":[\"https:\\\/\\\/pablodevispodologia.com\\\/index.php\\\/nosotros\\\/\"]}]},{\"@type\":\"ImageObject\",\"inLanguage\":\"es\",\"@id\":\"https:\\\/\\\/pablodevispodologia.com\\\/index.php\\\/nosotros\\\/#primaryimage\",\"url\":\"https:\\\/\\\/pablodevispodologia.com\\\/wp-content\\\/uploads\\\/2023\\\/01\\\/fachada-1-scaled.jpg\",\"contentUrl\":\"https:\\\/\\\/pablodevispodologia.com\\\/wp-content\\\/uploads\\\/2023\\\/01\\\/fachada-1-scaled.jpg\",\"width\":1920,\"height\":2560,\"caption\":\"Fachada de la Cl\u00ednica Podol\u00f3gica Pablo P\u00e9rez Deviz, podolog\u00eda cl\u00ednica y biomec\u00e1nica en Aspe\"},{\"@type\":\"BreadcrumbList\",\"@id\":\"https:\\\/\\\/pablodevispodologia.com\\\/index.php\\\/nosotros\\\/#breadcrumb\",\"itemListElement\":[{\"@type\":\"ListItem\",\"position\":1,\"name\":\"Portada\",\"item\":\"https:\\\/\\\/pablodevispodologia.com\\\/\"},{\"@type\":\"ListItem\",\"position\":2,\"name\":\"Nosotros\"}]},{\"@type\":\"WebSite\",\"@id\":\"https:\\\/\\\/pablodevispodologia.com\\\/#website\",\"url\":\"https:\\\/\\\/pablodevispodologia.com\\\/\",\"name\":\"Pablo Devis Podolog&iacute;a\",\"description\":\"\",\"publisher\":{\"@id\":\"https:\\\/\\\/pablodevispodologia.com\\\/#organization\"},\"alternateName\":\"Cl\u00ednica Podol\u00f3gica Pablo Devis\",\"potentialAction\":[{\"@type\":\"SearchAction\",\"target\":{\"@type\":\"EntryPoint\",\"urlTemplate\":\"https:\\\/\\\/pablodevispodologia.com\\\/?s={search_term_string}\"},\"query-input\":{\"@type\":\"PropertyValueSpecification\",\"valueRequired\":true,\"valueName\":\"search_term_string\"}}],\"inLanguage\":\"es\"},{\"@type\":\"Organization\",\"@id\":\"https:\\\/\\\/pablodevispodologia.com\\\/#organization\",\"name\":\"Pablo Devis Podolog&iacute;a\",\"alternateName\":\"Cl\u00ednica Podol\u00f3gica Pablo Devis\",\"url\":\"https:\\\/\\\/pablodevispodologia.com\\\/\",\"logo\":{\"@type\":\"ImageObject\",\"inLanguage\":\"es\",\"@id\":\"https:\\\/\\\/pablodevispodologia.com\\\/#\\\/schema\\\/logo\\\/image\\\/\",\"url\":\"https:\\\/\\\/pablodevispodologia.com\\\/wp-content\\\/uploads\\\/2021\\\/04\\\/Anadir-un-titulo-Sitio-web-2.png\",\"contentUrl\":\"https:\\\/\\\/pablodevispodologia.com\\\/wp-content\\\/uploads\\\/2021\\\/04\\\/Anadir-un-titulo-Sitio-web-2.png\",\"width\":4098,\"height\":2304,\"caption\":\"Pablo Devis Podolog&iacute;a\"},\"image\":{\"@id\":\"https:\\\/\\\/pablodevispodologia.com\\\/#\\\/schema\\\/logo\\\/image\\\/\"},\"sameAs\":[\"https:\\\/\\\/www.facebook.com\\\/yoast\",\"https:\\\/\\\/www.instagram.com\\\/pabloperezpodologo\\\/yoast\"]}]}<\/script>\n<!-- \/ Yoast SEO plugin. -->","yoast_head_json":{"title":"Cl\u00ednica Podol\u00f3gica Pablo P\u00e9rez Devis | Cl\u00ednica podol\u00f3gica","description":"Conoce nuestro equipo de pod\u00f3logos en Aspe. Especialistas en biomec\u00e1nica, podolog\u00eda general, deportiva y estudios de la pisada. Cuidamos de tus pies.","robots":{"index":"index","follow":"follow","max-snippet":"max-snippet:-1","max-image-preview":"max-image-preview:large","max-video-preview":"max-video-preview:-1"},"canonical":"https:\/\/pablodevispodologia.com\/index.php\/nosotros\/","og_locale":"es_ES","og_type":"article","og_title":"Cl\u00ednica Podol\u00f3gica Pablo P\u00e9rez Devis | Cl\u00ednica podol\u00f3gica","og_description":"Conoce nuestro equipo de pod\u00f3logos en Aspe. Especialistas en biomec\u00e1nica, podolog\u00eda general, deportiva y estudios de la pisada. Cuidamos de tus pies.","og_url":"https:\/\/pablodevispodologia.com\/index.php\/nosotros\/","og_site_name":"Pablo Devis Podolog&iacute;a","article_publisher":"https:\/\/www.facebook.com\/yoast","article_modified_time":"2026-03-17T13:39:51+00:00","og_image":[{"url":"https:\/\/pablodevispodologia.com\/wp-content\/uploads\/2023\/01\/fachada-1-768x1024.jpg","type":"","width":"","height":""}],"twitter_card":"summary_large_image","twitter_misc":{"Tiempo de lectura":"3 minutos"},"schema":{"@context":"https:\/\/schema.org","@graph":[{"@type":"WebPage","@id":"https:\/\/pablodevispodologia.com\/index.php\/nosotros\/","url":"https:\/\/pablodevispodologia.com\/index.php\/nosotros\/","name":"Cl\u00ednica Podol\u00f3gica Pablo P\u00e9rez Devis | Cl\u00ednica podol\u00f3gica","isPartOf":{"@id":"https:\/\/pablodevispodologia.com\/#website"},"primaryImageOfPage":{"@id":"https:\/\/pablodevispodologia.com\/index.php\/nosotros\/#primaryimage"},"image":{"@id":"https:\/\/pablodevispodologia.com\/index.php\/nosotros\/#primaryimage"},"thumbnailUrl":"https:\/\/pablodevispodologia.com\/wp-content\/uploads\/2023\/01\/fachada-1-768x1024.jpg","datePublished":"2021-04-29T07:04:40+00:00","dateModified":"2026-03-17T13:39:51+00:00","description":"Conoce nuestro equipo de pod\u00f3logos en Aspe. Especialistas en biomec\u00e1nica, podolog\u00eda general, deportiva y estudios de la pisada. Cuidamos de tus pies.","breadcrumb":{"@id":"https:\/\/pablodevispodologia.com\/index.php\/nosotros\/#breadcrumb"},"inLanguage":"es","potentialAction":[{"@type":"ReadAction","target":["https:\/\/pablodevispodologia.com\/index.php\/nosotros\/"]}]},{"@type":"ImageObject","inLanguage":"es","@id":"https:\/\/pablodevispodologia.com\/index.php\/nosotros\/#primaryimage","url":"https:\/\/pablodevispodologia.com\/wp-content\/uploads\/2023\/01\/fachada-1-scaled.jpg","contentUrl":"https:\/\/pablodevispodologia.com\/wp-content\/uploads\/2023\/01\/fachada-1-scaled.jpg","width":1920,"height":2560,"caption":"Fachada de la Cl\u00ednica Podol\u00f3gica Pablo P\u00e9rez Deviz, podolog\u00eda cl\u00ednica y biomec\u00e1nica en Aspe"},{"@type":"BreadcrumbList","@id":"https:\/\/pablodevispodologia.com\/index.php\/nosotros\/#breadcrumb","itemListElement":[{"@type":"ListItem","position":1,"name":"Portada","item":"https:\/\/pablodevispodologia.com\/"},{"@type":"ListItem","position":2,"name":"Nosotros"}]},{"@type":"WebSite","@id":"https:\/\/pablodevispodologia.com\/#website","url":"https:\/\/pablodevispodologia.com\/","name":"Pablo Devis Podolog&iacute;a","description":"","publisher":{"@id":"https:\/\/pablodevispodologia.com\/#organization"},"alternateName":"Cl\u00ednica Podol\u00f3gica Pablo Devis","potentialAction":[{"@type":"SearchAction","target":{"@type":"EntryPoint","urlTemplate":"https:\/\/pablodevispodologia.com\/?s={search_term_string}"},"query-input":{"@type":"PropertyValueSpecification","valueRequired":true,"valueName":"search_term_string"}}],"inLanguage":"es"},{"@type":"Organization","@id":"https:\/\/pablodevispodologia.com\/#organization","name":"Pablo Devis Podolog&iacute;a","alternateName":"Cl\u00ednica Podol\u00f3gica Pablo Devis","url":"https:\/\/pablodevispodologia.com\/","logo":{"@type":"ImageObject","inLanguage":"es","@id":"https:\/\/pablodevispodologia.com\/#\/schema\/logo\/image\/","url":"https:\/\/pablodevispodologia.com\/wp-content\/uploads\/2021\/04\/Anadir-un-titulo-Sitio-web-2.png","contentUrl":"https:\/\/pablodevispodologia.com\/wp-content\/uploads\/2021\/04\/Anadir-un-titulo-Sitio-web-2.png","width":4098,"height":2304,"caption":"Pablo Devis Podolog&iacute;a"},"image":{"@id":"https:\/\/pablodevispodologia.com\/#\/schema\/logo\/image\/"},"sameAs":["https:\/\/www.facebook.com\/yoast","https:\/\/www.instagram.com\/pabloperezpodologo\/yoast"]}]}},"_links":{"self":[{"href":"https:\/\/pablodevispodologia.com\/index.php\/wp-json\/wp\/v2\/pages\/486","targetHints":{"allow":["GET"]}}],"collection":[{"href":"https:\/\/pablodevispodologia.com\/index.php\/wp-json\/wp\/v2\/pages"}],"about":[{"href":"https:\/\/pablodevispodologia.com\/index.php\/wp-json\/wp\/v2\/types\/page"}],"author":[{"embeddable":true,"href":"https:\/\/pablodevispodologia.com\/index.php\/wp-json\/wp\/v2\/users\/1"}],"replies":[{"embeddable":true,"href":"https:\/\/pablodevispodologia.com\/index.php\/wp-json\/wp\/v2\/comments?post=486"}],"version-history":[{"count":36,"href":"https:\/\/pablodevispodologia.com\/index.php\/wp-json\/wp\/v2\/pages\/486\/revisions"}],"predecessor-version":[{"id":1436,"href":"https:\/\/pablodevispodologia.com\/index.php\/wp-json\/wp\/v2\/pages\/486\/revisions\/1436"}],"wp:attachment":[{"href":"https:\/\/pablodevispodologia.com\/index.php\/wp-json\/wp\/v2\/media?parent=486"}],"curies":[{"name":"wp","href":"https:\/\/api.w.org\/{rel}","templated":true}]}}